at is the units digit of (98/63)/(-7) + 1228/18?
8
Let p(j) = 10*j**2 - 2. Let q(n) = 20*n**2 - 5. Let l(i) = 7*p(i) - 3*q(i). What is the units digit of l(-1)?
1
Let g(k) = -5*k**2 + 3*k - 1. Let n be g(2). Let d = 10 + n. Let q = d - -12. What is the units digit of q?
7
Suppose 0 = -0*s - 2*s + 76. What is the tens digit of s?
3
Suppose -3*c + 31 = t - 228, -4*c = -12. What is the units digit of t?
0
Suppose 4*v = v - 9. Let a = 17 + v. Let u = a - 7. What is the units digit of u?
7
Suppose -3*z + 0 + 15 = 0. Suppose -z*x - y + 20 = -0*y, 4*y + 20 = 0. Let g = x - -6. What is the units digit of g?
1
Let a(s) = -13*s + 7. What is the tens digit of a(-2)?
3
Let t(p) = p**2 + 4*p - 3. Let y be (4/(-10))/(1/10). Let k be t(y). Let l = k - -10. What is the units digit of l?
7
Let m = -8 - 6. Let l = m + 24. What is the units digit of l?
0
What is the tens digit of (4/(-6))/(1/(-3*174))?
4
Suppose -4*u = -2*u - 286. What is the hundreds digit of u?
1
Let g(b) be the third derivative of b**6/360 + b**5/30 - 7*b**4/24 + b**3/3 + 3*b**2. Let r(m) be the first derivative of g(m). What is the tens digit of r(-7)?
1
Let n be -3 - (-2)/4*46. Let q = n - 6. What is the tens digit of q?
1
Suppose -4*b = -8*b + 16. What is the units digit of b?
4
Let c(t) = t - 26. Let r = 4 + -4. Let s be c(r). What is the units digit of 1/2 - s/4?
7
Let w = -3 - -3. Suppose w = k - 8 - 7. What is the tens digit of k?
1
Let h(t) = t - 8. Let k(s) = -s**2 - 9*s - 8. Let v be k(-6). What is the units digit of h(v)?
2
Let z(g) = g**2 + 2*g + 2. Let u be z(-2). Let p be 5 + u/(-1 - 1). Let f = -3 + p. What is the units digit of f?
1
What is the units digit of (0 - -240) + 4/(-4) + 5?
4
Let o(s) = 3*s**2 + 4*s - 3. Let a(p) = -7*p**2 - 8*p + 6. Let d = 8 - -1. Let v(z) = d*o(z) + 4*a(z). What is the units digit of v(2)?
1
Let u be (-96)/(2 - 6) - 1. Let b = u + -7. What is the units digit of b?
6
Let w = -32 - -50. What is the tens digit of w?
1
Let m(q) = q + 7. Let z be m(-4). Suppose -z = -2*h + 13. Suppose -g + h = 3*g. What is the units digit of g?
2
Let x(h) = -4 - 6*h + 0*h + 1. Let a be x(-2). Suppose -a - 4 = -p. What is the units digit of p?
3
Let u = 50 + -80. Let g = u + 48. What is the tens digit of g?
1
Let h(b) = -b**2 - 12*b + 3. What is the units digit of h(-7)?
8
Let s(o) = 2*o**2 + 3*o + 1. Let r = -8 + 5. What is the units digit of s(r)?
0
Suppose 150 = 3*d - 5*o, 5*d - 2*o = -7*o + 250. What is the units digit of d?
0
Let k be (-53)/(-5) - 8/(-20). Let l = k - 7. What is the units digit of (7/l)/(1/4)?
7
Let x = 4 - 7. Let y = -2 - x. Let w = 1 + y. What is the units digit of w?
2
Let w(i) = i**3 + 4*i**2 - 2*i - 3. Let u be w(-4). Let m = u + 9. What is the tens digit of m?
1
Suppose q - 77 = -3*s, -6*q + 3*q = -15. What is the tens digit of s?
2
What is the hundreds digit of (36/(-4))/(188/200 - 1)?
1
Let l(t) = t**3 - 3*t + 2. Let h be l(2). Suppose -n + h = -0*n. What is the units digit of n?
4
Let g = -2 - -4. What is the units digit of (-44)/(-4) - g/1?
9
Suppose -5*t = -10*t + 20. What is the units digit of (2/t)/(2/4)?
1
What is the hundreds digit of (-51)/(-68) + 1954/8?
2
Let r(y) = -y - 19. Let w be r(-14). Let o(s) = s**2 + 3. What is the units digit of o(w)?
8
Suppose -5*p + 20 = s, 0 = p + 4*p + 5*s - 40. What is the tens digit of -2 + p + -3 - -31?
2
Suppose -3*o = -33 + 12. Let j(s) = -s + 2. Let l(r) = r - 2. Let x(t) = -6*j(t) - 4*l(t). What is the units digit of x(o)?
0
Let y(w) = 5*w + 1. Let f be y(3). Let j = -3 - -5. What is the units digit of 5/(5/f) - j?
4
Let s(a) = a**3 + 6*a**2 + 6*a + 1. Let u be (1 - 2) + -2 + -1. Let z be s(u). Suppose 5*g - 24 = 2*n, -3*g - 1 = 2*n - z. What is the units digit of g?
4
Let h = -555 + 227. What is the tens digit of h/(-18) + (-4)/18?
1
Suppose -53 - 32 = -4*c - 5*y, 5*c = -2*y + 102. What is the units digit of c?
0
Suppose 0*u - 5*u = 5*k - 430, -2*k = 5*u - 421. What is the tens digit of u?
8
Let c be 0*(-2 - -5)/3. Suppose -3*g = -l - c - 8, 0 = -2*g + l + 4. Suppose -g*u + 54 = -u. What is the units digit of u?
8
Suppose -5*y + 4 = n + 2*n, n - 5 = 2*y. Let z(r) = 3 - r**n + r**3 - r + r**2 - r**3. What is the units digit of z(0)?
3
Let i be 4 - 5 - (-26 + 0). Suppose 4*g = 3*g + 4*u - 11, -g + i = 5*u. What is the units digit of g?
5
Suppose -7*a + 86 + 187 = 0. What is the tens digit of a?
3
Let t(u) = -2*u - 1. Let z be t(-4). Suppose -3*h + y + 6 = 0, -z*y - 4 = -2*h - 3*y. What is the units digit of h?
2
Let y(a) be the second derivative of 1/12*a**4 + 3/2*a**2 - a + 0 + a**3. What is the units digit of y(-6)?
3
Suppose 4*h + 13 = -i, 5*i - 2*h = -9 - 12. What is the units digit of 10/((-2 - i)/6)?
0
Let h(g) = -38*g - 4. What is the tens digit of h(-9)?
3
Let q(i) be the first derivative of i**2/2 + 12*i - 1. Let f be q(-9). Suppose n + 2*n - f*w = 6, n + 4*w - 27 = 0. What is the units digit of n?
7
Let q be ((-12)/9 - -1)*-3. Let d be 16*((q - 2) + 2). Suppose -3*g - d + 40 = 2*x, -15 = -2*g - x. What is the units digit of g?
6
Let k(l) = -l**3 - 5*l**2 - 6*l - 1. Suppose 3*p + 12 = -5*i, -4*p = -0*p + i + 16. Let o be k(p). Suppose -2*b - o = -21. What is the units digit of b?
7
Let k(c) = c**3 - c**2 + c + 2. Let w be k(0). What is the units digit of 6 - (3 - w - -2)?
3
Let w(h) = h - 1. Let u be w(5). Suppose u*l + 2*z + 14 = 6*l, -2*l - z - 1 = 0. Suppose r = -l*r + 27. What is the units digit of r?
9
Suppose 890 + 199 = 9*v. What is the tens digit of v?
2
Let c = 6 + -3. Suppose c*h = -2*h - 5*l + 50, -50 = -5*h + l. What is the tens digit of h?
1
Suppose -4*i - 307 - 37 = 0. Let r = 133 + i. Suppose -3*s + 48 = -3*c, -4*s + r = -2*s + c. What is the tens digit of s?
2
Let w be 24*(9/(-6) + -2). Let z = 118 + w. What is the units digit of z?
4
Suppose -a + h + 0*h = -4, h + 10 = 4*a. Suppose 18 = 5*w - a*j, w - 3*j = -2*w + 18. What is the units digit of w?
2
Let m(o) = -151*o + 1. What is the units digit of m(-1)?
2
Suppose 113 = 4*w + 5*q - 22, 4*q - 12 = 0. Suppose -3*b + w = 2*b. What is the units digit of (b/(-5))/(8/(-20))?
3
Let y(d) = -5*d**2 - d - d**2 + 17*d**2. Let t be (4/6)/((-4)/(-6)). What is the tens digit of y(t)?
1
Let n be ((-4)/6)/((-2)/33). Suppose -3*k = 2*g - 10, 0 = -2*k - 2*g + 3 + 5. Suppose 0 = -4*m + 3*z + 47, -n = m - k*m + z. What is the units digit of m?
4
Suppose l + 4 = 9. Let x = l - 11. What is the units digit of ((-3)/x)/(2/12)?
3
Let o = -11 + 9. What is the tens digit of (o + 24)*(-3)/(-6)?
1
Suppose 157 = z - 4*i, 5*z = 4*i + 57 + 696. What is the hundreds digit of z?
1
What is the units digit of 402/8 + 7/(-28)?
0
Let p be (-1)/(2/(-6)*1). Suppose 0 = 4*b - b - p. What is the units digit of b?
1
Let y = -9 - -12. Suppose y*o + 2*v = 55 - 9, 3*v - 45 = -3*o. What is the units digit of o?
6
Let s = -9 - -16. What is the units digit of s?
7
Suppose 2*y - 106 = 136. What is the tens digit of y?
2
Suppose 3 = 3*x - 9. Suppose -x*p = -p - 69. What is the units digit of p?
3
Suppose 2*p + 4 = 0, 0 = 5*v - 2*p - p - 221. What is the units digit of v?
3
Let i(c) = c**2 - 15*c + 19. Let m be i(10). Let f = m - -55. What is the tens digit of f?
2
Let u(c) = -27*c - 1. Let o be u(-1). What is the tens digit of ((-12)/(-8) - 1)*o?
1
Let f = 9 - 9. Suppose 0 = 4*u - 3*v - 30, f - 22 = -5*u - 4*v. What is the units digit of u?
6
Let r(f) be the third derivative of f**4/24 - 2*f**2. Let l be r(-1). What is the units digit of l*1/((-1)/5)?
5
Let i(z) = -2*z - 7. Let w be i(-5). Suppose -w*j + 9 = 0, -2*j - 3 = -s - j. What is the units digit of s?
6
Let a(w) = w**2. Let d be a(0). Suppose 60 = 4*y + 4*z, d*y - 65 = -5*y + 5*z. What is the units digit of y?
4
Let a(g) = 3*g**2 - 4*g + 12. What is the units digit of a(-8)?
6
Let i(t) = 2*t**2 + 9*t - 10. Let c be i(-7). Suppose -n = 4 + 4. Let h = n + c. What is the units digit of h?
7
Let c(i) = 3*i**2 - 3*i - 3. Let r = -6 - -5. Let f(v) = v**2 - 1. Let s(t) = r*c(t) + 4*f(t). What is the units digit of s(2)?
9
Suppose -3*p - g + 327 = -5*g, 3*g = 5*p - 556. What is the hundreds digit of p?
1
Let v(b) = 4*b - 2*b - 10 + b**3 - 3*b - b**2 - 5*b**2. What is the units digit of v(7)?
2
Let h(m) = 6*m**3 + 2*m**2 - 5*m + 1. What is the units digit of h(2)?
7
Let i(g) = 6*g - 14. Let u be i(13). Suppose -4*